{"id":15,"date":"2024-02-27T09:44:35","date_gmt":"2024-02-27T08:44:35","guid":{"rendered":"http:\/\/pod-vyhlidkou.cz\/?page_id=15"},"modified":"2025-05-12T22:43:04","modified_gmt":"2025-05-12T20:43:04","slug":"vyber-domu","status":"publish","type":"page","link":"https:\/\/pod-vyhlidkou.cz\/?page_id=15","title":{"rendered":"V\u00fdb\u011br domu"},"content":{"rendered":"","protected":false},"excerpt":{"rendered":"","protected":false},"author":1,"featured_media":0,"parent":0,"menu_order":0,"comment_status":"closed","ping_status":"closed","template":"templates\/bulding.php","meta":{"_acf_changed":false,"inline_featured_image":false,"footnotes":""},"class_list":["post-15","page","type-page","status-publish","hentry"],"acf":[],"yoast_head":"<!-- This site is optimized with the Yoast SEO plugin v27.4 - https:\/\/yoast.com\/product\/yoast-seo-wordpress\/ -->\n<title>Nov\u00e9 rodinn\u00e9 domy ve 2 variant\u00e1ch | Pod Vyhl\u00eddkou<\/title>\n<meta name=\"description\" content=\"Nov\u00e9 rodinn\u00e9 domy ve Velk\u00fdch Losin\u00e1ch k prodeji. Dispozice domu 4+kk s vlastn\u00edm parkov\u00e1n\u00edm a zahradou. Vysok\u00e9 standardy a modern\u00ed materi\u00e1ly.\" \/>\n<meta name=\"robots\" content=\"index, follow, max-snippet:-1, max-image-preview:large, max-video-preview:-1\" \/>\n<link rel=\"canonical\" href=\"https:\/\/pod-vyhlidkou.cz\/?page_id=15\" \/>\n<meta property=\"og:locale\" content=\"cs_CZ\" \/>\n<meta property=\"og:type\" content=\"article\" \/>\n<meta property=\"og:title\" content=\"Nov\u00e9 rodinn\u00e9 domy ve 2 variant\u00e1ch | Pod Vyhl\u00eddkou\" \/>\n<meta property=\"og:description\" content=\"Nov\u00e9 rodinn\u00e9 domy ve Velk\u00fdch Losin\u00e1ch k prodeji. Dispozice domu 4+kk s vlastn\u00edm parkov\u00e1n\u00edm a zahradou. Vysok\u00e9 standardy a modern\u00ed materi\u00e1ly.\" \/>\n<meta property=\"og:url\" content=\"https:\/\/pod-vyhlidkou.cz\/?page_id=15\" \/>\n<meta property=\"og:site_name\" content=\"Pod Vyhl\u00eddkou\" \/>\n<meta property=\"article:modified_time\" content=\"2025-05-12T20:43:04+00:00\" \/>\n<meta name=\"twitter:card\" content=\"summary_large_image\" \/>\n<script type=\"application\/ld+json\" class=\"yoast-schema-graph\">{\"@context\":\"https:\\\/\\\/schema.org\",\"@graph\":[{\"@type\":\"WebPage\",\"@id\":\"https:\\\/\\\/pod-vyhlidkou.cz\\\/?page_id=15\",\"url\":\"https:\\\/\\\/pod-vyhlidkou.cz\\\/?page_id=15\",\"name\":\"Nov\u00e9 rodinn\u00e9 domy ve 2 variant\u00e1ch | Pod Vyhl\u00eddkou\",\"isPartOf\":{\"@id\":\"https:\\\/\\\/pod-vyhlidkou.cz\\\/#website\"},\"datePublished\":\"2024-02-27T08:44:35+00:00\",\"dateModified\":\"2025-05-12T20:43:04+00:00\",\"description\":\"Nov\u00e9 rodinn\u00e9 domy ve Velk\u00fdch Losin\u00e1ch k prodeji. Dispozice domu 4+kk s vlastn\u00edm parkov\u00e1n\u00edm a zahradou. Vysok\u00e9 standardy a modern\u00ed materi\u00e1ly.\",\"breadcrumb\":{\"@id\":\"https:\\\/\\\/pod-vyhlidkou.cz\\\/?page_id=15#breadcrumb\"},\"inLanguage\":\"cs\",\"potentialAction\":[{\"@type\":\"ReadAction\",\"target\":[\"https:\\\/\\\/pod-vyhlidkou.cz\\\/?page_id=15\"]}]},{\"@type\":\"BreadcrumbList\",\"@id\":\"https:\\\/\\\/pod-vyhlidkou.cz\\\/?page_id=15#breadcrumb\",\"itemListElement\":[{\"@type\":\"ListItem\",\"position\":1,\"name\":\"Home\",\"item\":\"https:\\\/\\\/pod-vyhlidkou.cz\\\/\"},{\"@type\":\"ListItem\",\"position\":2,\"name\":\"V\u00fdb\u011br domu\"}]},{\"@type\":\"WebSite\",\"@id\":\"https:\\\/\\\/pod-vyhlidkou.cz\\\/#website\",\"url\":\"https:\\\/\\\/pod-vyhlidkou.cz\\\/\",\"name\":\"Pod Vyhl\u00eddkou\",\"description\":\"P\u0159edstavujeme nov\u00e9 rodinn\u00e9 domy na dosah\\u2028p\u0159\u00edrody Pod Vyhl\u00eddkou.\",\"publisher\":{\"@id\":\"https:\\\/\\\/pod-vyhlidkou.cz\\\/#organization\"},\"potentialAction\":[{\"@type\":\"SearchAction\",\"target\":{\"@type\":\"EntryPoint\",\"urlTemplate\":\"https:\\\/\\\/pod-vyhlidkou.cz\\\/?s={search_term_string}\"},\"query-input\":{\"@type\":\"PropertyValueSpecification\",\"valueRequired\":true,\"valueName\":\"search_term_string\"}}],\"inLanguage\":\"cs\"},{\"@type\":\"Organization\",\"@id\":\"https:\\\/\\\/pod-vyhlidkou.cz\\\/#organization\",\"name\":\"Pod Vyhl\u00eddkou\",\"url\":\"https:\\\/\\\/pod-vyhlidkou.cz\\\/\",\"logo\":{\"@type\":\"ImageObject\",\"inLanguage\":\"cs\",\"@id\":\"https:\\\/\\\/pod-vyhlidkou.cz\\\/#\\\/schema\\\/logo\\\/image\\\/\",\"url\":\"https:\\\/\\\/pod-vyhlidkou.cz\\\/wp-content\\\/uploads\\\/2024\\\/02\\\/logo.svg\",\"contentUrl\":\"https:\\\/\\\/pod-vyhlidkou.cz\\\/wp-content\\\/uploads\\\/2024\\\/02\\\/logo.svg\",\"width\":237,\"height\":50,\"caption\":\"Pod Vyhl\u00eddkou\"},\"image\":{\"@id\":\"https:\\\/\\\/pod-vyhlidkou.cz\\\/#\\\/schema\\\/logo\\\/image\\\/\"}}]}<\/script>\n<!-- \/ Yoast SEO plugin. -->","yoast_head_json":{"title":"Nov\u00e9 rodinn\u00e9 domy ve 2 variant\u00e1ch | Pod Vyhl\u00eddkou","description":"Nov\u00e9 rodinn\u00e9 domy ve Velk\u00fdch Losin\u00e1ch k prodeji. Dispozice domu 4+kk s vlastn\u00edm parkov\u00e1n\u00edm a zahradou. Vysok\u00e9 standardy a modern\u00ed materi\u00e1ly.","robots":{"index":"index","follow":"follow","max-snippet":"max-snippet:-1","max-image-preview":"max-image-preview:large","max-video-preview":"max-video-preview:-1"},"canonical":"https:\/\/pod-vyhlidkou.cz\/?page_id=15","og_locale":"cs_CZ","og_type":"article","og_title":"Nov\u00e9 rodinn\u00e9 domy ve 2 variant\u00e1ch | Pod Vyhl\u00eddkou","og_description":"Nov\u00e9 rodinn\u00e9 domy ve Velk\u00fdch Losin\u00e1ch k prodeji. Dispozice domu 4+kk s vlastn\u00edm parkov\u00e1n\u00edm a zahradou. Vysok\u00e9 standardy a modern\u00ed materi\u00e1ly.","og_url":"https:\/\/pod-vyhlidkou.cz\/?page_id=15","og_site_name":"Pod Vyhl\u00eddkou","article_modified_time":"2025-05-12T20:43:04+00:00","twitter_card":"summary_large_image","schema":{"@context":"https:\/\/schema.org","@graph":[{"@type":"WebPage","@id":"https:\/\/pod-vyhlidkou.cz\/?page_id=15","url":"https:\/\/pod-vyhlidkou.cz\/?page_id=15","name":"Nov\u00e9 rodinn\u00e9 domy ve 2 variant\u00e1ch | Pod Vyhl\u00eddkou","isPartOf":{"@id":"https:\/\/pod-vyhlidkou.cz\/#website"},"datePublished":"2024-02-27T08:44:35+00:00","dateModified":"2025-05-12T20:43:04+00:00","description":"Nov\u00e9 rodinn\u00e9 domy ve Velk\u00fdch Losin\u00e1ch k prodeji. Dispozice domu 4+kk s vlastn\u00edm parkov\u00e1n\u00edm a zahradou. Vysok\u00e9 standardy a modern\u00ed materi\u00e1ly.","breadcrumb":{"@id":"https:\/\/pod-vyhlidkou.cz\/?page_id=15#breadcrumb"},"inLanguage":"cs","potentialAction":[{"@type":"ReadAction","target":["https:\/\/pod-vyhlidkou.cz\/?page_id=15"]}]},{"@type":"BreadcrumbList","@id":"https:\/\/pod-vyhlidkou.cz\/?page_id=15#breadcrumb","itemListElement":[{"@type":"ListItem","position":1,"name":"Home","item":"https:\/\/pod-vyhlidkou.cz\/"},{"@type":"ListItem","position":2,"name":"V\u00fdb\u011br domu"}]},{"@type":"WebSite","@id":"https:\/\/pod-vyhlidkou.cz\/#website","url":"https:\/\/pod-vyhlidkou.cz\/","name":"Pod Vyhl\u00eddkou","description":"P\u0159edstavujeme nov\u00e9 rodinn\u00e9 domy na dosah\u2028p\u0159\u00edrody Pod Vyhl\u00eddkou.","publisher":{"@id":"https:\/\/pod-vyhlidkou.cz\/#organization"},"potentialAction":[{"@type":"SearchAction","target":{"@type":"EntryPoint","urlTemplate":"https:\/\/pod-vyhlidkou.cz\/?s={search_term_string}"},"query-input":{"@type":"PropertyValueSpecification","valueRequired":true,"valueName":"search_term_string"}}],"inLanguage":"cs"},{"@type":"Organization","@id":"https:\/\/pod-vyhlidkou.cz\/#organization","name":"Pod Vyhl\u00eddkou","url":"https:\/\/pod-vyhlidkou.cz\/","logo":{"@type":"ImageObject","inLanguage":"cs","@id":"https:\/\/pod-vyhlidkou.cz\/#\/schema\/logo\/image\/","url":"https:\/\/pod-vyhlidkou.cz\/wp-content\/uploads\/2024\/02\/logo.svg","contentUrl":"https:\/\/pod-vyhlidkou.cz\/wp-content\/uploads\/2024\/02\/logo.svg","width":237,"height":50,"caption":"Pod Vyhl\u00eddkou"},"image":{"@id":"https:\/\/pod-vyhlidkou.cz\/#\/schema\/logo\/image\/"}}]}},"_links":{"self":[{"href":"https:\/\/pod-vyhlidkou.cz\/index.php?rest_route=\/wp\/v2\/pages\/15","targetHints":{"allow":["GET"]}}],"collection":[{"href":"https:\/\/pod-vyhlidkou.cz\/index.php?rest_route=\/wp\/v2\/pages"}],"about":[{"href":"https:\/\/pod-vyhlidkou.cz\/index.php?rest_route=\/wp\/v2\/types\/page"}],"author":[{"embeddable":true,"href":"https:\/\/pod-vyhlidkou.cz\/index.php?rest_route=\/wp\/v2\/users\/1"}],"replies":[{"embeddable":true,"href":"https:\/\/pod-vyhlidkou.cz\/index.php?rest_route=%2Fwp%2Fv2%2Fcomments&post=15"}],"version-history":[{"count":22,"href":"https:\/\/pod-vyhlidkou.cz\/index.php?rest_route=\/wp\/v2\/pages\/15\/revisions"}],"predecessor-version":[{"id":467,"href":"https:\/\/pod-vyhlidkou.cz\/index.php?rest_route=\/wp\/v2\/pages\/15\/revisions\/467"}],"wp:attachment":[{"href":"https:\/\/pod-vyhlidkou.cz\/index.php?rest_route=%2Fwp%2Fv2%2Fmedia&parent=15"}],"curies":[{"name":"wp","href":"https:\/\/api.w.org\/{rel}","templated":true}]}}